{"id":4164,"date":"2025-08-18T19:34:23","date_gmt":"2025-08-18T22:34:23","guid":{"rendered":"https:\/\/litoral.ufpr.br\/admpublica\/?page_id=4164"},"modified":"2025-08-18T19:34:23","modified_gmt":"2025-08-18T22:34:23","slug":"siga","status":"publish","type":"page","link":"https:\/\/litoral.ufpr.br\/admpublica\/siga\/","title":{"rendered":"SIGA"},"content":{"rendered":"\n<p>Para acessar o hist\u00f3rico escolar, fazer matr\u00edculas em m\u00f3dulos e verificar situa\u00e7\u00e3o acad\u00eamica acesse o SIGA-UFPR no endere\u00e7o: <a href=\"https:\/\/sistemas.ufpr.br\">Portal de Sistemas UFPR<\/a><\/p>\n\n\n\n<p>Para acessar o SIGA UFPR voc\u00ea precisa ter:<\/p>\n\n\n\n<ul class=\"wp-block-list\"><li>Email UFPR cadastrado<\/li><li>Senha de acesso ao sistema atualizada<\/li><\/ul>\n\n\n\n<p>Se quer aprender mais sobre o SIGA UFPR, acesse: <a href=\"https:\/\/ufpraberta.ufpr.br\/course\/view.php?id=9\">https:\/\/ufpraberta.ufpr.br\/course\/view.php?id=9<\/a><\/p>\n\n\n\n<p>Recupera\u00e7\u00e3o senha e-mail &nbsp;UFPR: <a href=\"https:\/\/intranet.ufpr.br\/intranet\/public\/senha!input.action\">https:\/\/intranet.ufpr.br\/intranet\/public\/senha!input.action<\/a><\/p>\n\n\n\n<p><a href=\"https:\/\/litoral.ufpr.br\/lecampo\/wp-content\/uploads\/sites\/10\/2025\/04\/MANUAL-DOS-SITEMAS-UFPR-1-2.pdf\">Manual de como acessar os Sistemas UFPR<\/a><\/p>\n\n\n\n<p>P\u00e1gina atualizada em:&nbsp;<strong>18 de ago. de 2025.<\/strong><a><\/a><a><\/a><\/p>\n","protected":false},"excerpt":{"rendered":"<p>Para acessar o hist\u00f3rico escolar, fazer matr\u00edculas em m\u00f3dulos e verificar situa\u00e7\u00e3o acad\u00eamica acesse o SIGA-UFPR no endere\u00e7o: Portal de Sistemas UFPR Para acessar o SIGA UFPR voc\u00ea precisa ter: Email UFPR cadastrado Senha de acesso ao sistema atualizada Se quer aprender mais sobre o SIGA UFPR, acesse: https:\/\/ufpraberta.ufpr.br\/course\/view.php?id=9 Recupera\u00e7\u00e3o senha e-mail &nbsp;UFPR: https:\/\/intranet.ufpr.br\/intranet\/public\/senha!input.action Manual [&hellip;]<\/p>\n","protected":false},"author":1670,"featured_media":0,"parent":0,"menu_order":0,"comment_status":"closed","ping_status":"closed","template":"","meta":{"_acf_changed":false,"footnotes":""},"class_list":["post-4164","page","type-page","status-publish","hentry"],"acf":[],"_links":{"self":[{"href":"https:\/\/litoral.ufpr.br\/admpublica\/wp-json\/wp\/v2\/pages\/4164","targetHints":{"allow":["GET"]}}],"collection":[{"href":"https:\/\/litoral.ufpr.br\/admpublica\/wp-json\/wp\/v2\/pages"}],"about":[{"href":"https:\/\/litoral.ufpr.br\/admpublica\/wp-json\/wp\/v2\/types\/page"}],"author":[{"embeddable":true,"href":"https:\/\/litoral.ufpr.br\/admpublica\/wp-json\/wp\/v2\/users\/1670"}],"replies":[{"embeddable":true,"href":"https:\/\/litoral.ufpr.br\/admpublica\/wp-json\/wp\/v2\/comments?post=4164"}],"version-history":[{"count":1,"href":"https:\/\/litoral.ufpr.br\/admpublica\/wp-json\/wp\/v2\/pages\/4164\/revisions"}],"predecessor-version":[{"id":4165,"href":"https:\/\/litoral.ufpr.br\/admpublica\/wp-json\/wp\/v2\/pages\/4164\/revisions\/4165"}],"wp:attachment":[{"href":"https:\/\/litoral.ufpr.br\/admpublica\/wp-json\/wp\/v2\/media?parent=4164"}],"curies":[{"name":"wp","href":"https:\/\/api.w.org\/{rel}","templated":true}]}}

<p>Para acessar o histórico escolar, fazer matrículas em módulos e verificar situação acadêmica acesse o SIGA-UFPR no endereço: <a href="https://sistemas.ufpr.br">Portal de Sistemas UFPR</a></p>



<p>Para acessar o SIGA UFPR você precisa ter:</p>



<ul class="wp-block-list"><li>Email UFPR cadastrado</li><li>Senha de acesso ao sistema atualizada</li></ul>



<p>Se quer aprender mais sobre o SIGA UFPR, acesse: <a href="https://ufpraberta.ufpr.br/course/view.php?id=9">https://ufpraberta.ufpr.br/course/view.php?id=9</a></p>



<p>Recuperação senha e-mail &nbsp;UFPR: <a href="https://intranet.ufpr.br/intranet/public/senha!input.action">https://intranet.ufpr.br/intranet/public/senha!input.action</a></p>



<p><a href="https://litoral.ufpr.br/lecampo/wp-content/uploads/sites/10/2025/04/MANUAL-DOS-SITEMAS-UFPR-1-2.pdf">Manual de como acessar os Sistemas UFPR</a></p>



<p>Página atualizada em:&nbsp;<strong>18 de ago. de 2025.</strong><a></a><a></a></p>

<p>Para acessar o histórico escolar, fazer matrículas em módulos e verificar situação acadêmica acesse o SIGA-UFPR no endereço: Portal de Sistemas UFPR Para acessar o SIGA UFPR você precisa ter: Email UFPR cadastrado Senha de acesso ao sistema atualizada Se quer aprender mais sobre o SIGA UFPR, acesse: https://ufpraberta.ufpr.br/course/view.php?id=9 Recuperação senha e-mail &nbsp;UFPR: https://intranet.ufpr.br/intranet/public/senha!input.action Manual [&hellip;]</p>
