{"id":3210,"date":"2023-03-09T19:49:36","date_gmt":"2023-03-09T22:49:36","guid":{"rendered":"https:\/\/litoral.ufpr.br\/admpublica\/?page_id=3210"},"modified":"2025-02-12T19:06:48","modified_gmt":"2025-02-12T22:06:48","slug":"ppc-administracao-publica","status":"publish","type":"page","link":"https:\/\/litoral.ufpr.br\/admpublica\/ppc-administracao-publica\/","title":{"rendered":"PPC\u00b4s Administra\u00e7\u00e3o P\u00fablica\/Resolu\u00e7\u00f5es e Portarias"},"content":{"rendered":"\n<p><\/p>\n\n\n\n<p><strong>PROJETO PED\u00c1GOGICO DE CURSO (PPC) &#8211; VERS\u00c3O 2024<\/strong><\/p>\n\n\n\n<div data-wp-interactive=\"core\/file\" class=\"wp-block-file\"><object data-wp-bind--hidden=\"!state.hasPdfPreview\" hidden class=\"wp-block-file__embed\" data=\"https:\/\/litoral.ufpr.br\/admpublica\/wp-content\/uploads\/sites\/6\/2025\/02\/PPC-1.pdf\" type=\"application\/pdf\" style=\"width:100%;height:600px\" aria-label=\"Incorporado de Incorporado de PPC- Administra\u00e7\u00e3o Pu\u0301blica - vers\u00e3o 2024..\"><\/object><a id=\"wp-block-file--media-5bd7eee0-0b9b-4e3c-9891-66fd0d4dacd2\" href=\"https:\/\/litoral.ufpr.br\/admpublica\/wp-content\/uploads\/sites\/6\/2025\/02\/PPC-1.pdf\">PPC- Administra\u00e7\u00e3o Pu\u0301blica &#8211; vers\u00e3o 2024<\/a><a href=\"https:\/\/litoral.ufpr.br\/admpublica\/wp-content\/uploads\/sites\/6\/2025\/02\/PPC-1.pdf\" class=\"wp-block-file__button\" download aria-describedby=\"wp-block-file--media-5bd7eee0-0b9b-4e3c-9891-66fd0d4dacd2\">Baixar<\/a><\/div>\n\n\n\n<p><strong>REFORMULA\u00c7\u00c3O CURRICULAR 2024<\/strong><\/p>\n\n\n\n<div data-wp-interactive=\"core\/file\" class=\"wp-block-file\"><object data-wp-bind--hidden=\"!state.hasPdfPreview\" hidden class=\"wp-block-file__embed\" data=\"https:\/\/litoral.ufpr.br\/admpublica\/wp-content\/uploads\/sites\/6\/2023\/12\/ilovepdf_merged.pdf\" type=\"application\/pdf\" style=\"width:100%;height:600px\" aria-label=\"Incorporado de Incorporado de Reformula\u00e7\u00e3o Curricular - 2024..\"><\/object><a id=\"wp-block-file--media-15f01c17-5c53-4964-b604-c72b401938fa\" href=\"https:\/\/litoral.ufpr.br\/admpublica\/wp-content\/uploads\/sites\/6\/2023\/12\/ilovepdf_merged.pdf\">Reformula\u00e7\u00e3o Curricular &#8211; 2024<\/a><a href=\"https:\/\/litoral.ufpr.br\/admpublica\/wp-content\/uploads\/sites\/6\/2023\/12\/ilovepdf_merged.pdf\" class=\"wp-block-file__button\" download aria-describedby=\"wp-block-file--media-15f01c17-5c53-4964-b604-c72b401938fa\">Baixar<\/a><\/div>\n\n\n\n<p><\/p>\n\n\n\n<p><strong>AJUSTE CURRICULAR 2023<\/strong><\/p>\n\n\n\n<div data-wp-interactive=\"core\/file\" class=\"wp-block-file\"><object data-wp-bind--hidden=\"!state.hasPdfPreview\" hidden class=\"wp-block-file__embed\" data=\"https:\/\/litoral.ufpr.br\/admpublica\/wp-content\/uploads\/sites\/6\/2023\/03\/PPC-AP-AJUSTE-CURRICULAR-2023-matriz-curricular-ementas.pdf\" type=\"application\/pdf\" style=\"width:100%;height:600px\" aria-label=\"Incorporado de Incorporado de PPC AP - AJUSTE CURRICULAR - 2023 - matriz curricular + ementas..\"><\/object><a id=\"wp-block-file--media-34373b58-440b-4728-9b70-401e7579003b\" href=\"https:\/\/litoral.ufpr.br\/admpublica\/wp-content\/uploads\/sites\/6\/2023\/03\/PPC-AP-AJUSTE-CURRICULAR-2023-matriz-curricular-ementas.pdf\">PPC AP &#8211; AJUSTE CURRICULAR &#8211; 2023 &#8211; matriz curricular + ementas<\/a><a href=\"https:\/\/litoral.ufpr.br\/admpublica\/wp-content\/uploads\/sites\/6\/2023\/03\/PPC-AP-AJUSTE-CURRICULAR-2023-matriz-curricular-ementas.pdf\" class=\"wp-block-file__button\" download aria-describedby=\"wp-block-file--media-34373b58-440b-4728-9b70-401e7579003b\">Baixar<\/a><\/div>\n\n\n\n<div data-wp-interactive=\"core\/file\" class=\"wp-block-file\"><object data-wp-bind--hidden=\"!state.hasPdfPreview\" hidden class=\"wp-block-file__embed\" data=\"https:\/\/litoral.ufpr.br\/admpublica\/wp-content\/uploads\/sites\/6\/2023\/03\/minuta-matriz-curricular-AP.pdf\" type=\"application\/pdf\" style=\"width:100%;height:600px\" aria-label=\"Incorporado de Incorporado de Minuta- Matriz Curricular - AP..\"><\/object><a id=\"wp-block-file--media-5641ec8b-91c9-434c-9f2b-a887f4748004\" href=\"https:\/\/litoral.ufpr.br\/admpublica\/wp-content\/uploads\/sites\/6\/2023\/03\/minuta-matriz-curricular-AP.pdf\">Minuta- Matriz Curricular &#8211; AP<\/a><a href=\"https:\/\/litoral.ufpr.br\/admpublica\/wp-content\/uploads\/sites\/6\/2023\/03\/minuta-matriz-curricular-AP.pdf\" class=\"wp-block-file__button\" download aria-describedby=\"wp-block-file--media-5641ec8b-91c9-434c-9f2b-a887f4748004\">Baixar<\/a><\/div>\n\n\n\n<div data-wp-interactive=\"core\/file\" class=\"wp-block-file\"><object data-wp-bind--hidden=\"!state.hasPdfPreview\" hidden class=\"wp-block-file__embed\" data=\"https:\/\/litoral.ufpr.br\/admpublica\/wp-content\/uploads\/sites\/6\/2023\/03\/PPC-Admininstrac\u0327a\u0303o-Pu\u0301blica.pdf\" type=\"application\/pdf\" style=\"width:100%;height:600px\" aria-label=\"Incorporado de Incorporado de PPC- Administra\u00e7\u00e3o Pu\u0301blica - vers\u00e3o 2017..\"><\/object><a id=\"wp-block-file--media-62291e5b-75f6-41a1-a119-98408a49f0e4\" href=\"https:\/\/litoral.ufpr.br\/admpublica\/wp-content\/uploads\/sites\/6\/2023\/03\/PPC-Admininstrac\u0327a\u0303o-Pu\u0301blica.pdf\">PPC- Administra\u00e7\u00e3o Pu\u0301blica &#8211; vers\u00e3o 2017<\/a><a href=\"https:\/\/litoral.ufpr.br\/admpublica\/wp-content\/uploads\/sites\/6\/2023\/03\/PPC-Admininstrac\u0327a\u0303o-Pu\u0301blica.pdf\" class=\"wp-block-file__button\" download aria-describedby=\"wp-block-file--media-62291e5b-75f6-41a1-a119-98408a49f0e4\">Baixar<\/a><\/div>\n\n\n\n<p><strong>RESOLU\u00c7\u00d5ES\/PORTARIAS: <\/strong><br><a href=\"https:\/\/litoral.ufpr.br\/admpublica\/wp-content\/uploads\/sites\/6\/2019\/04\/resolucao_17_16-COUN-cria-o-curso-de-Administra\u00e7\u00e3o-P\u00fablica.pdf\">Resolu\u00e7\u00e3o 17\/16 &#8211; COUN (cria o curso de Administra\u00e7\u00e3o P\u00fablica)<\/a><br><a href=\"https:\/\/litoral.ufpr.br\/wp-content\/uploads\/2014\/12\/Res.-14-16-CEPE-elenco-de-disciplinas-administra%C3%A7%C3%A3o-p%C3%BAblica_Setor-Litoral.pdf\">Resolu\u00e7\u00e3o 14\/16 &#8211; CEPE (fixa o curr\u00edculo do curso)<\/a><br><a href=\"https:\/\/litoral.ufpr.br\/admpublica\/wp-content\/uploads\/sites\/6\/2021\/08\/Portaria-59_PROGRAD_COPAC-ajuste-curricular-AP-02_08_2021.pdf\">Portaria 59\/PROGRAD\/COPAC, de 19 de julho de 2021 &#8211; Aprova Ajuste Curricular, aplic\u00e1vel \u00e0 Resolu\u00e7\u00e3o n. 14\/16 &#8211; CEPE<\/a><br><a href=\"https:\/\/litoral.ufpr.br\/admpublica\/wp-content\/uploads\/sites\/6\/2021\/07\/SEI_UFPR-1868303-Portaria.pdf\">Portaria n. 183\/PROGRAD, de 07 de junho de 2019 &#8211; Aprova Ajuste Curricular, aplic\u00e1vel \u00e0 Resolu\u00e7\u00e3o n. 14\/16 &#8211; CEPE<\/a><br><a href=\"https:\/\/litoral.ufpr.br\/admpublica\/wp-content\/uploads\/sites\/6\/2024\/08\/Portaria-Renovacao-de-Curso-Administracao-Publica.pdf\">Portaria Renova\u00e7\u00e3o de Curso &#8211; Administra\u00e7\u00e3o P\u00fablica<\/a><br><a href=\"https:\/\/litoral.ufpr.br\/admpublica\/wp-content\/uploads\/sites\/6\/2021\/09\/Matriz-curricular-Administracao-Publica.pdf\">Matriz Curricular do Curso de Bacharelado em Administra\u00e7\u00e3o P\u00fablica<\/a><br><a rel=\"noreferrer noopener\" href=\"https:\/\/litoral.ufpr.br\/grade-curricular-de-adminstracao-publica\/\" target=\"_blank\">Ementas<\/a><br><br><\/p>\n\n\n\n<p>P\u00e1gina atualizada em:&nbsp;<strong>12 de fev. de 2025.<\/strong><\/p>\n\n\n\n\n\n<p><\/p>\n","protected":false},"excerpt":{"rendered":"<p>PROJETO PED\u00c1GOGICO DE CURSO (PPC) &#8211; VERS\u00c3O 2024 REFORMULA\u00c7\u00c3O CURRICULAR 2024 AJUSTE CURRICULAR 2023 RESOLU\u00c7\u00d5ES\/PORTARIAS: Resolu\u00e7\u00e3o 17\/16 &#8211; COUN (cria o curso de Administra\u00e7\u00e3o P\u00fablica)Resolu\u00e7\u00e3o 14\/16 &#8211; CEPE (fixa o curr\u00edculo do curso)Portaria 59\/PROGRAD\/COPAC, de 19 de julho de 2021 &#8211; Aprova Ajuste Curricular, aplic\u00e1vel \u00e0 Resolu\u00e7\u00e3o n. 14\/16 &#8211; CEPEPortaria n. 183\/PROGRAD, de 07 [&hellip;]<\/p>\n","protected":false},"author":1625,"featured_media":0,"parent":0,"menu_order":0,"comment_status":"closed","ping_status":"closed","template":"","meta":{"_acf_changed":false,"footnotes":""},"class_list":["post-3210","page","type-page","status-publish","hentry"],"acf":[],"_links":{"self":[{"href":"https:\/\/litoral.ufpr.br\/admpublica\/wp-json\/wp\/v2\/pages\/3210","targetHints":{"allow":["GET"]}}],"collection":[{"href":"https:\/\/litoral.ufpr.br\/admpublica\/wp-json\/wp\/v2\/pages"}],"about":[{"href":"https:\/\/litoral.ufpr.br\/admpublica\/wp-json\/wp\/v2\/types\/page"}],"author":[{"embeddable":true,"href":"https:\/\/litoral.ufpr.br\/admpublica\/wp-json\/wp\/v2\/users\/1625"}],"replies":[{"embeddable":true,"href":"https:\/\/litoral.ufpr.br\/admpublica\/wp-json\/wp\/v2\/comments?post=3210"}],"version-history":[{"count":19,"href":"https:\/\/litoral.ufpr.br\/admpublica\/wp-json\/wp\/v2\/pages\/3210\/revisions"}],"predecessor-version":[{"id":3869,"href":"https:\/\/litoral.ufpr.br\/admpublica\/wp-json\/wp\/v2\/pages\/3210\/revisions\/3869"}],"wp:attachment":[{"href":"https:\/\/litoral.ufpr.br\/admpublica\/wp-json\/wp\/v2\/media?parent=3210"}],"curies":[{"name":"wp","href":"https:\/\/api.w.org\/{rel}","templated":true}]}}

PPC´s Administração Pública/Resoluções e Portarias

<p></p>



<p><strong>PROJETO PEDÁGOGICO DE CURSO (PPC) &#8211; VERSÃO 2024</strong></p>



<div data-wp-interactive="core/file" class="wp-block-file"><object data-wp-bind--hidden="!state.hasPdfPreview" hidden class="wp-block-file__embed" data="https://litoral.ufpr.br/admpublica/wp-content/uploads/sites/6/2025/02/PPC-1.pdf" type="application/pdf" style="width:100%;height:600px" aria-label="Incorporado de Incorporado de PPC- Administração Pública - versão 2024.."></object><a id="wp-block-file--media-5bd7eee0-0b9b-4e3c-9891-66fd0d4dacd2" href="https://litoral.ufpr.br/admpublica/wp-content/uploads/sites/6/2025/02/PPC-1.pdf">PPC- Administração Pública &#8211; versão 2024</a><a href="https://litoral.ufpr.br/admpublica/wp-content/uploads/sites/6/2025/02/PPC-1.pdf" class="wp-block-file__button" download aria-describedby="wp-block-file--media-5bd7eee0-0b9b-4e3c-9891-66fd0d4dacd2">Baixar</a></div>



<p><strong>REFORMULAÇÃO CURRICULAR 2024</strong></p>



<div data-wp-interactive="core/file" class="wp-block-file"><object data-wp-bind--hidden="!state.hasPdfPreview" hidden class="wp-block-file__embed" data="https://litoral.ufpr.br/admpublica/wp-content/uploads/sites/6/2023/12/ilovepdf_merged.pdf" type="application/pdf" style="width:100%;height:600px" aria-label="Incorporado de Incorporado de Reformulação Curricular - 2024.."></object><a id="wp-block-file--media-15f01c17-5c53-4964-b604-c72b401938fa" href="https://litoral.ufpr.br/admpublica/wp-content/uploads/sites/6/2023/12/ilovepdf_merged.pdf">Reformulação Curricular &#8211; 2024</a><a href="https://litoral.ufpr.br/admpublica/wp-content/uploads/sites/6/2023/12/ilovepdf_merged.pdf" class="wp-block-file__button" download aria-describedby="wp-block-file--media-15f01c17-5c53-4964-b604-c72b401938fa">Baixar</a></div>



<p></p>



<p><strong>AJUSTE CURRICULAR 2023</strong></p>



<div data-wp-interactive="core/file" class="wp-block-file"><object data-wp-bind--hidden="!state.hasPdfPreview" hidden class="wp-block-file__embed" data="https://litoral.ufpr.br/admpublica/wp-content/uploads/sites/6/2023/03/PPC-AP-AJUSTE-CURRICULAR-2023-matriz-curricular-ementas.pdf" type="application/pdf" style="width:100%;height:600px" aria-label="Incorporado de Incorporado de PPC AP - AJUSTE CURRICULAR - 2023 - matriz curricular + ementas.."></object><a id="wp-block-file--media-34373b58-440b-4728-9b70-401e7579003b" href="https://litoral.ufpr.br/admpublica/wp-content/uploads/sites/6/2023/03/PPC-AP-AJUSTE-CURRICULAR-2023-matriz-curricular-ementas.pdf">PPC AP &#8211; AJUSTE CURRICULAR &#8211; 2023 &#8211; matriz curricular + ementas</a><a href="https://litoral.ufpr.br/admpublica/wp-content/uploads/sites/6/2023/03/PPC-AP-AJUSTE-CURRICULAR-2023-matriz-curricular-ementas.pdf" class="wp-block-file__button" download aria-describedby="wp-block-file--media-34373b58-440b-4728-9b70-401e7579003b">Baixar</a></div>



<div data-wp-interactive="core/file" class="wp-block-file"><object data-wp-bind--hidden="!state.hasPdfPreview" hidden class="wp-block-file__embed" data="https://litoral.ufpr.br/admpublica/wp-content/uploads/sites/6/2023/03/minuta-matriz-curricular-AP.pdf" type="application/pdf" style="width:100%;height:600px" aria-label="Incorporado de Incorporado de Minuta- Matriz Curricular - AP.."></object><a id="wp-block-file--media-5641ec8b-91c9-434c-9f2b-a887f4748004" href="https://litoral.ufpr.br/admpublica/wp-content/uploads/sites/6/2023/03/minuta-matriz-curricular-AP.pdf">Minuta- Matriz Curricular &#8211; AP</a><a href="https://litoral.ufpr.br/admpublica/wp-content/uploads/sites/6/2023/03/minuta-matriz-curricular-AP.pdf" class="wp-block-file__button" download aria-describedby="wp-block-file--media-5641ec8b-91c9-434c-9f2b-a887f4748004">Baixar</a></div>



<div data-wp-interactive="core/file" class="wp-block-file"><object data-wp-bind--hidden="!state.hasPdfPreview" hidden class="wp-block-file__embed" data="https://litoral.ufpr.br/admpublica/wp-content/uploads/sites/6/2023/03/PPC-Admininstração-Pública.pdf" type="application/pdf" style="width:100%;height:600px" aria-label="Incorporado de Incorporado de PPC- Administração Pública - versão 2017.."></object><a id="wp-block-file--media-62291e5b-75f6-41a1-a119-98408a49f0e4" href="https://litoral.ufpr.br/admpublica/wp-content/uploads/sites/6/2023/03/PPC-Admininstração-Pública.pdf">PPC- Administração Pública &#8211; versão 2017</a><a href="https://litoral.ufpr.br/admpublica/wp-content/uploads/sites/6/2023/03/PPC-Admininstração-Pública.pdf" class="wp-block-file__button" download aria-describedby="wp-block-file--media-62291e5b-75f6-41a1-a119-98408a49f0e4">Baixar</a></div>



<p><strong>RESOLUÇÕES/PORTARIAS: </strong><br><a href="https://litoral.ufpr.br/admpublica/wp-content/uploads/sites/6/2019/04/resolucao_17_16-COUN-cria-o-curso-de-Administração-Pública.pdf">Resolução 17/16 &#8211; COUN (cria o curso de Administração Pública)</a><br><a href="https://litoral.ufpr.br/wp-content/uploads/2014/12/Res.-14-16-CEPE-elenco-de-disciplinas-administra%C3%A7%C3%A3o-p%C3%BAblica_Setor-Litoral.pdf">Resolução 14/16 &#8211; CEPE (fixa o currículo do curso)</a><br><a href="https://litoral.ufpr.br/admpublica/wp-content/uploads/sites/6/2021/08/Portaria-59_PROGRAD_COPAC-ajuste-curricular-AP-02_08_2021.pdf">Portaria 59/PROGRAD/COPAC, de 19 de julho de 2021 &#8211; Aprova Ajuste Curricular, aplicável à Resolução n. 14/16 &#8211; CEPE</a><br><a href="https://litoral.ufpr.br/admpublica/wp-content/uploads/sites/6/2021/07/SEI_UFPR-1868303-Portaria.pdf">Portaria n. 183/PROGRAD, de 07 de junho de 2019 &#8211; Aprova Ajuste Curricular, aplicável à Resolução n. 14/16 &#8211; CEPE</a><br><a href="https://litoral.ufpr.br/admpublica/wp-content/uploads/sites/6/2024/08/Portaria-Renovacao-de-Curso-Administracao-Publica.pdf">Portaria Renovação de Curso &#8211; Administração Pública</a><br><a href="https://litoral.ufpr.br/admpublica/wp-content/uploads/sites/6/2021/09/Matriz-curricular-Administracao-Publica.pdf">Matriz Curricular do Curso de Bacharelado em Administração Pública</a><br><a rel="noreferrer noopener" href="https://litoral.ufpr.br/grade-curricular-de-adminstracao-publica/" target="_blank">Ementas</a><br><br></p>



<p>Página atualizada em:&nbsp;<strong>12 de fev. de 2025.</strong></p>





<p></p>

<p>PROJETO PEDÁGOGICO DE CURSO (PPC) &#8211; VERSÃO 2024 REFORMULAÇÃO CURRICULAR 2024 AJUSTE CURRICULAR 2023 RESOLUÇÕES/PORTARIAS: Resolução 17/16 &#8211; COUN (cria o curso de Administração Pública)Resolução 14/16 &#8211; CEPE (fixa o currículo do curso)Portaria 59/PROGRAD/COPAC, de 19 de julho de 2021 &#8211; Aprova Ajuste Curricular, aplicável à Resolução n. 14/16 &#8211; CEPEPortaria n. 183/PROGRAD, de 07 [&hellip;]</p>
