{"id":234,"date":"2019-02-22T09:40:52","date_gmt":"2019-02-22T12:40:52","guid":{"rendered":"https:\/\/litoral.ufpr.br\/admpublica\/?page_id=234"},"modified":"2025-09-18T19:44:19","modified_gmt":"2025-09-18T22:44:19","slug":"coordenacao","status":"publish","type":"page","link":"https:\/\/litoral.ufpr.br\/admpublica\/equipe\/coordenacao\/","title":{"rendered":"Coordena\u00e7\u00e3o\/C\u00e2mara"},"content":{"rendered":"<p><strong>Coordena\u00e7\u00e3o:<\/strong> Prof. Dr. Cl\u00f3vis Wanzinack<br \/><strong>E-mail Coordena\u00e7\u00e3o:\u00a0<\/strong>coordenacaoap@ufpr.br<br \/><a href=\"https:\/\/litoral.ufpr.br\/admpublica\/wp-content\/uploads\/sites\/6\/2025\/09\/Portaria-Clovis-Wanzinack.pdf\">Portaria UFPR n\u00ba 1.396, de 15 de agosto de 2025<\/a><\/p>\n<p><strong style=\"font-size: revert;color: initial\">Vice-coordena\u00e7\u00e3o:<\/strong><span style=\"font-size: revert;color: initial\"> Daniela Archanjo<br \/><\/span><a href=\"https:\/\/litoral.ufpr.br\/admpublica\/wp-content\/uploads\/sites\/6\/2025\/09\/Sigepe-Publicacao.pdf\">Portaria UFPR n\u00ba 1.397, de 15 de agosto de 2025<\/a><\/p>\n<p>Altera\u00e7\u00e3o da composi\u00e7\u00e3o de docentes efetivos da C\u00e2mara pedag\u00f3gica do curso de Bacharelado em Administra\u00e7\u00e3o P\u00fablica &#8211; <a href=\"https:\/\/litoral.ufpr.br\/admpublica\/wp-content\/uploads\/sites\/6\/2025\/04\/SEI_7651973_Portaria_1887_2025_SETOR_LITORAL.pdf\">PORTARIA N\u00ba 1887\/2025 SETOR LITORAL, DE 02 DE ABRIL DE 2025<\/a><\/p>\n<div><a href=\"https:\/\/litoral.ufpr.br\/admpublica\/wp-content\/uploads\/sites\/6\/2025\/09\/Portaria-Clovis-Wanzinack.pdf\">Portaria UFPR n\u00ba 1.396, de 15 de agosto de 2025<\/a><\/div>\n\n\n<p>P\u00e1gina atualizada em:<strong> 18 de set. de 2025.<\/strong><\/p>\n","protected":false},"excerpt":{"rendered":"<p>Coordena\u00e7\u00e3o: Prof. Dr. Cl\u00f3vis WanzinackE-mail Coordena\u00e7\u00e3o:\u00a0coordenacaoap@ufpr.brPortaria UFPR n\u00ba 1.396, de 15 de agosto de 2025 Vice-coordena\u00e7\u00e3o: Daniela ArchanjoPortaria UFPR n\u00ba 1.397, de 15 de agosto de 2025 Altera\u00e7\u00e3o da composi\u00e7\u00e3o de docentes efetivos da C\u00e2mara pedag\u00f3gica do curso de Bacharelado em Administra\u00e7\u00e3o P\u00fablica &#8211; PORTARIA N\u00ba 1887\/2025 SETOR LITORAL, DE 02 DE ABRIL DE 2025 [&hellip;]<\/p>\n","protected":false},"author":3,"featured_media":0,"parent":225,"menu_order":0,"comment_status":"closed","ping_status":"closed","template":"","meta":{"_acf_changed":false,"footnotes":""},"class_list":["post-234","page","type-page","status-publish","hentry"],"acf":[],"_links":{"self":[{"href":"https:\/\/litoral.ufpr.br\/admpublica\/wp-json\/wp\/v2\/pages\/234","targetHints":{"allow":["GET"]}}],"collection":[{"href":"https:\/\/litoral.ufpr.br\/admpublica\/wp-json\/wp\/v2\/pages"}],"about":[{"href":"https:\/\/litoral.ufpr.br\/admpublica\/wp-json\/wp\/v2\/types\/page"}],"author":[{"embeddable":true,"href":"https:\/\/litoral.ufpr.br\/admpublica\/wp-json\/wp\/v2\/users\/3"}],"replies":[{"embeddable":true,"href":"https:\/\/litoral.ufpr.br\/admpublica\/wp-json\/wp\/v2\/comments?post=234"}],"version-history":[{"count":19,"href":"https:\/\/litoral.ufpr.br\/admpublica\/wp-json\/wp\/v2\/pages\/234\/revisions"}],"predecessor-version":[{"id":4219,"href":"https:\/\/litoral.ufpr.br\/admpublica\/wp-json\/wp\/v2\/pages\/234\/revisions\/4219"}],"up":[{"embeddable":true,"href":"https:\/\/litoral.ufpr.br\/admpublica\/wp-json\/wp\/v2\/pages\/225"}],"wp:attachment":[{"href":"https:\/\/litoral.ufpr.br\/admpublica\/wp-json\/wp\/v2\/media?parent=234"}],"curies":[{"name":"wp","href":"https:\/\/api.w.org\/{rel}","templated":true}]}}