{"id":1237,"date":"2023-06-20T17:54:31","date_gmt":"2023-06-20T20:54:31","guid":{"rendered":"https:\/\/litoral.ufpr.br\/gempreendedorismo\/?page_id=1237"},"modified":"2026-02-18T18:07:48","modified_gmt":"2026-02-18T21:07:48","slug":"estagio","status":"publish","type":"page","link":"https:\/\/litoral.ufpr.br\/administracao\/estagio\/","title":{"rendered":"Est\u00e1gio"},"content":{"rendered":"\n<p><strong>Est\u00e1gio n\u00e3o obrigat\u00f3rio<\/strong>: o est\u00e1gio n\u00e3o obrigat\u00f3rio do curso de Administra\u00e7\u00e3o da UFPR, caracterizado como atividade opcional e de natureza educativa, destinada a complementar a forma\u00e7\u00e3o te\u00f3rica e pr\u00e1tica do estudante. O est\u00e1gio \u00e9 regido pela Lei n\u00ba 11.788\/2008 e por normas internas da UFPR, como a Resolu\u00e7\u00e3o n\u00ba 46\/2010 CEPE e instru\u00e7\u00f5es normativas correlatas, sendo supervisionado pelo CEPE e pela PROGRAP, em articula\u00e7\u00e3o com a C\u00e2mara do Curso.<\/p>\n\n\n\n<p>O est\u00e1gio deve estar em conformidade com o Projeto Pedag\u00f3gico do Curso e \u00e9 formalizado por meio do Termo de Compromisso de Est\u00e1gio e do plano de atividades, assinados pelo estudante, pela institui\u00e7\u00e3o concedente e pela UFPR. Pode haver a participa\u00e7\u00e3o de agente de integra\u00e7\u00e3o, mediante conv\u00eanio. \u00c9 obrigat\u00f3ria a contrata\u00e7\u00e3o de seguro contra acidentes pessoais, cuja responsabilidade \u00e9 da UFPR nos est\u00e1gios internos e da concedente nos est\u00e1gios externos.<\/p>\n\n\n\n<p>Podem realizar est\u00e1gio estudantes regularmente matriculados, que j\u00e1 tenham cursado ao menos um semestre letivo, devendo a documenta\u00e7\u00e3o ser apresentada com anteced\u00eancia m\u00ednima de dez dias do in\u00edcio das atividades. Os campos de est\u00e1gio abrangem empresas privadas, \u00f3rg\u00e3os p\u00fablicos, institui\u00e7\u00f5es de ensino, comunidade em geral e unidades da pr\u00f3pria UFPR, desde que ofere\u00e7am infraestrutura adequada, supervis\u00e3o qualificada, compatibilidade entre as atividades desenvolvidas e a \u00e1rea de forma\u00e7\u00e3o do estudante, al\u00e9m de observarem as normas institucionais.<\/p>\n\n\n\n<p>Entre os deveres do estagi\u00e1rio est\u00e3o o cumprimento das normas da universidade, a regulariza\u00e7\u00e3o e coleta das assinaturas necess\u00e1rias, a apresenta\u00e7\u00e3o de relat\u00f3rios semestrais a cada seis meses e a entrega de relat\u00f3rio final no prazo m\u00e1ximo de trinta dias ap\u00f3s o t\u00e9rmino do est\u00e1gio. O descumprimento das exig\u00eancias pode acarretar o n\u00e3o reconhecimento do est\u00e1gio.<\/p>\n\n\n\n<p>A supervis\u00e3o \u00e9 exercida diretamente por profissional da institui\u00e7\u00e3o concedente, enquanto a orienta\u00e7\u00e3o acad\u00eamica \u00e9 realizada de forma indireta por professor orientador do curso, integrante do NDE. Ambos acompanham o desenvolvimento das atividades e emitem parecer sobre o desempenho do estudante. A avalia\u00e7\u00e3o \u00e9 cont\u00ednua e processual, realizada pelo supervisor e pelo orientador, cabendo \u00e0 COE emitir parecer final, posteriormente homologado pela C\u00e2mara do Curso, sem atribui\u00e7\u00e3o de nota ou conceito.<\/p>\n\n\n\n<p>O est\u00e1gio pode ser interrompido por solicita\u00e7\u00e3o do orientador, do supervisor ou do pr\u00f3prio aluno, mediante justificativa formal. O n\u00e3o atendimento \u00e0s normas implica o n\u00e3o reconhecimento da atividade. Ap\u00f3s a aprova\u00e7\u00e3o do relat\u00f3rio final e parecer favor\u00e1vel da COE, a Coordena\u00e7\u00e3o Geral de Est\u00e1gios poder\u00e1 emitir certificado. Casos omissos s\u00e3o analisados pela COE, com possibilidade de recurso \u00e0 C\u00e2mara do Curso e \u00e0s inst\u00e2ncias superiores da UFPR.<\/p>\n\n\n\n<p><a href=\"https:\/\/litoral.ufpr.br\/administracao\/comissoes\/\">COE<\/a><br><a href=\"https:\/\/litoral.ufpr.br\/administracao\/regulamento\/\">Regulamento do est\u00e1gio n\u00e3o obrigat\u00f3rio<\/a><br><a href=\"http:\/\/www.prograd.ufpr.br\/estagio\/formularios\/\" data-type=\"link\" data-id=\"http:\/\/www.prograd.ufpr.br\/estagio\/formularios\/\">Termos de est\u00e1gio<br><\/a><br>P\u00e1gina atualizada em:&nbsp;<strong>18 de fev. de 2026.<\/strong><a><\/a><\/p>\n\n\n\n<p><\/p>\n","protected":false},"excerpt":{"rendered":"<p>Est\u00e1gio n\u00e3o obrigat\u00f3rio: o est\u00e1gio n\u00e3o obrigat\u00f3rio do curso de Administra\u00e7\u00e3o da UFPR, caracterizado como atividade opcional e de natureza educativa, destinada a complementar a forma\u00e7\u00e3o te\u00f3rica e pr\u00e1tica do estudante. O est\u00e1gio \u00e9 regido pela Lei n\u00ba 11.788\/2008 e por normas internas da UFPR, como a Resolu\u00e7\u00e3o n\u00ba 46\/2010 CEPE e instru\u00e7\u00f5es normativas correlatas, [&hellip;]<\/p>\n","protected":false},"author":1645,"featured_media":0,"parent":0,"menu_order":0,"comment_status":"closed","ping_status":"closed","template":"","meta":{"_acf_changed":false,"footnotes":""},"class_list":["post-1237","page","type-page","status-publish","hentry"],"acf":[],"_links":{"self":[{"href":"https:\/\/litoral.ufpr.br\/administracao\/wp-json\/wp\/v2\/pages\/1237","targetHints":{"allow":["GET"]}}],"collection":[{"href":"https:\/\/litoral.ufpr.br\/administracao\/wp-json\/wp\/v2\/pages"}],"about":[{"href":"https:\/\/litoral.ufpr.br\/administracao\/wp-json\/wp\/v2\/types\/page"}],"author":[{"embeddable":true,"href":"https:\/\/litoral.ufpr.br\/administracao\/wp-json\/wp\/v2\/users\/1645"}],"replies":[{"embeddable":true,"href":"https:\/\/litoral.ufpr.br\/administracao\/wp-json\/wp\/v2\/comments?post=1237"}],"version-history":[{"count":5,"href":"https:\/\/litoral.ufpr.br\/administracao\/wp-json\/wp\/v2\/pages\/1237\/revisions"}],"predecessor-version":[{"id":1725,"href":"https:\/\/litoral.ufpr.br\/administracao\/wp-json\/wp\/v2\/pages\/1237\/revisions\/1725"}],"wp:attachment":[{"href":"https:\/\/litoral.ufpr.br\/administracao\/wp-json\/wp\/v2\/media?parent=1237"}],"curies":[{"name":"wp","href":"https:\/\/api.w.org\/{rel}","templated":true}]}}